2103
In base 13, what is 56 - 27519?
-27493
In base 9, what is -4 - 3802666?
-3802671
In base 2, what is 10010001 - 11110110001100111?
-11110101111010110
In base 16, what is 2556f - -90?
255ff
In base 11, what is -a195 + 309?
-9987
In base 13, what is 435a + 24?
4381
In base 2, what is 100101011000001011 - -1101111?
100101011001111010
In base 7, what is -5 - 54414114?
-54414122
In base 14, what is -341b6 + -c1?
-34297
In base 7, what is 216100 + -64326?
121441
In base 8, what is 26312 + -66?
26224
In base 14, what is 4b5 - babb?
-b606
In base 14, what is 0 - 18c119c?
-18c119c
In base 3, what is 21201 + 102200011212211?
102200012011112
In base 16, what is -12c6a + cdb?
-11f8f
In base 9, what is -11284 + 26300?
15005
In base 14, what is 1 - -2bc3abb?
2bc3abc
In base 7, what is -3364 + -212222?
-215616
In base 11, what is -67 - -29a674?
29a608
In base 2, what is 111 - -1000001000000100010?
1000001000000101001
In base 8, what is 443404 + -1161?
442223
In base 3, what is -211001112 - -1002210?
-202221202
In base 13, what is -52c7 + 4b60?
-467
In base 12, what is -36 + 120188?
120152
In base 12, what is -bb631b - -b?
-bb6310
In base 7, what is 103664332 + 14?
103664346
In base 7, what is 36 - -6453624?
6453663
In base 9, what is -5 + 4726285?
4726280
In base 15, what is -31 - 3d97?
-3dc8
In base 10, what is 1146192728 - -2?
1146192730
In base 15, what is 3c - 28205?
-281b8
In base 13, what is -5 - 2132a63?
-2132a68
In base 3, what is 12110121002210 + 10?
12110121002220
In base 6, what is -1521250 - 333?
-1522023
In base 16, what is 61d804 + 3?
61d807
In base 7, what is 2652424 - 1134?
2651260
In base 15, what is -5eaa2 - -65?
-5ea3c
In base 10, what is -34178471 + 7?
-34178464
In base 6, what is -4032303 - 12501?
-4045204
In base 10, what is -37897 + -20438?
-58335
In base 14, what is -3181023 + 8?
-3181019
In base 4, what is 1030 - 3313020?
-3311330
In base 15, what is 10 - -a8b55?
a8b65
In base 4, what is -10232 + -201100022?
-201110320
In base 12, what is -a432bb + -2?
-a43301
In base 4, what is 1301223302 + 300?
1301230202
In base 8, what is -3002737 + 15?
-3002722
In base 15, what is -17b8 - 949?
-2212
In base 10, what is -209 + 18598?
18389
In base 15, what is 2c31d - 345?
2bec8
In base 7, what is 3366124 - -1236?
3400363
In base 10, what is -1848373 + -5?
-1848378
In base 5, what is -143244 + 42303?
-100441
In base 7, what is -21104 - -62644?
41540
In base 14, what is 24d7 - -c497?
10990
In base 11, what is 339228 + 57?
339284
In base 7, what is 341453 + -16036?
322414
In base 5, what is 10043422 + 1011?
10044433
In base 13, what is 5485 + -3335?
2150
In base 4, what is 1200100301 + 112202?
1200213103
In base 12, what is -23054827 - -4?
-23054823
In base 13, what is -b3 - -79325?
79242
In base 11, what is -3539 + 42133?
396a5
In base 2, what is 0 - -100110000100000000011111001?
100110000100000000011111001
In base 9, what is 353832 + -1604?
352227
In base 3, what is -11 + -100221101011120?
-100221101011201
In base 10, what is -5 - -17347549?
17347544
In base 8, what is 31325711 - -5?
31325716
In base 8, what is -3 - -13743734?
13743731
In base 14, what is 1a + -251585b?
-2515841
In base 15, what is 7e7e4e9 - 8?
7e7e4e1
In base 16, what is -320e + -243f?
-564d
In base 16, what is 1c08362 + 4?
1c08366
In base 5, what is -232 + -21231122?
-21231404
In base 12, what is -2 - -17846195?
17846193
In base 6, what is 0 + -4112351?
-4112351
In base 8, what is 13461 - -6036?
21517
In base 13, what is -11b098 - -27?
-11b071
In base 5, what is -33034 + 140444?
102410
In base 3, what is 2002122211 - -121222?
2010021210
In base 7, what is -61421 - 136?
-61560
In base 4, what is 303113132 - 32212?
303020320
In base 3, what is 2002 + -12202022021?
-12202020012
In base 14, what is 6245d - 1b5?
62288
In base 13, what is 46652 - 165?
464ba
In base 3, what is 2 - 1010221201001?
-1010221200222
In base 16, what is 5675b7a - -3?
5675b7d
In base 11, what is -3 - -35187a?
351877
In base 16, what is -73f0a75 - 4?
-73f0a79
In base 12, what is -9290b2 - 11?
-929103
In base 5, what is 1223040022 - -143?
1223040220
In base 10, what is 18 - -2127809?
2127827
In base 12, what is -1953 + -4?
-1957
In base 9, what is 227410052 + 4?
227410056
In base 10, what is 119925074 - 1?
119925073
In base 16, what is 22adf + -56f?
22570
In base 14, what is -320a495 - -4?
-320a491
In base 12, what is 1024015 - 10?
1024005
In base 2, what is 10 - -1110010011111110101110000?
1110010011111110101110010
In base 15, what is d22e + 1a?
d249
In base 7, what is -21565 + 345646?
324051
In base 7, what is 6 - 10442403?
-10442364
In base 12, what is a6 - -540a?
54b4
In base 6, what is 2550 - 13421?
-10431
In base 16, what is -6 + -3d29f9b?
-3d29fa1
In base 12, what is -39767149 + 2?
-39767147
In base 7, what is -23563 + -45151?
-102044
In base 9, what is 5 - -347083?
347088
In base 10, what is -3224 + 2923?
-301
In base 16, what is 2ec64 - -26?
2ec8a
In base 15, what is 29 + 148e2c?
148e56
In base 13, what is 105b4 + 69b?
10c82
In base 9, what is -1004 - -73485?
72481
In base 2, what is -11 - -100000011100110011111000011?
100000011100110011111000000
In base 9, what is -80717582 - -3?
-80717578
In base 2, what is -111110 - -111111000110101001?
111111000101101011
In base 8, what is -250345577 + 4?
-250345573
In base 4, what is 12102023120232 - 31?
12102023120201
In base 11, what is -1195 - a2008?
-a31a2
In base 8, what is -67 + 5040357?
5040270
In base 10, what is 73 - 127580?
-127507
In base 5, what is 3320432 + 210?
3321142
In base 8, what is -11746 - 1363?
-13331
In base 11, what is -786 + 19aa?
1224
In base 16, what is 108 - -91e1?
92e9
In base 6, what is -1244003543 + -31?
-1244004014
In base 9, what is 10311018 + -1?
10311017
In base 3, what is -10200111022200102 - 0?
-10200111022200102
In base 14, what is 32 - -130c3b6?
130c408
In base 9, what is -138306322 + 3?
-138306318
In base 15, what is 3abc2a - 5?
3abc25
In base 12, what is 2177 - 2aa96?
-2891b
In base 13, what is -29b14b0 + 3?
-29b14aa
In base 2, what is 111000111111011 - 1011101?
111000110011110
In base 11, what is -482004 + 1033?
-480a81
In base 10, what is -1181 + -3649?
-4830
In base 13, what is 22 + -1213bbc?
-1213b9a
In base 9, what is -22575061 + 1?
-22575060
In base 12, what is 157273 - 21?
157252
In base 16, what is a0ef7 - 0?
a0ef7
In base 6, what is 5154452 + 514?
5155410
In base 4, what is 100210220213 - 3?
100210220210
In base 16, what is a - 1ad060a?
-1ad0600
In base 3, what is 22 + -21212011122?
-21212011100
In base 11, what is -19 - -3929454?
3929436
In base 5, what is 113022143220 - 2?
113022143213
In base 13, what is -a70 - 5153?
-5bc3
In base 11, what is -1198a04 - 0?
-1198a04
In base 7, what is -2 - -61613254?
61613252
In base 4, what is -331233231 + -13?
-331233310
In base 8, what is 2321315 + 7?
2321324
In base 15, what is ac680 + -31?
ac64e
In base 5, what is -1142223 - 110310?
-1303033
In base 6, what is -50200 + -1145?
-51345
In base 8, what is -43420 + 6602?
-34616
In base 8, what is 2100 - 127153?
-125053
In base 14, what is -1d90c5 - 2cc?
-1d93b3
In base 4, what is -1011112112 + -321003?
-1012033121
In base 16, what is 90 - -48558?
485e8
In base 6, what is -104414 + 4312?
-100102
In base 6, what is -3 + -35541544?
-35541551
In base 13, what is -370 + -881a?
-8b8a
In base 4, what is -1012100123310 - -10?
-1012100123300
In base 3, what is -10120002021 - -1100?
-10120000221
In base 10, what is 0 + 15046926?
15046926
In base 16, what is 1 - -310363d?
310363e
In base 13, what is -b + 2701615?
2701607
In base 7, what is -1 + 326621210?
326621206
In base 14, what is 63b + 14a?
787
In base 10, what is -25049169 - 1?
-25049170
In base 12, what is 5856a8 + -4?
5856a4
In base 15, what is -6eb05 - 146?
-6ec4b
In base 16, what is 42 - 831c5?
-83183
In base 11, what is 184a + 1750a?
19259
In base 11, what is -194422215 + -5?
-19442221a
In base 6, what is -52400 - 1234?
-54034
In base 10, what is 450 + 10224?
10674
In base 12, what is 15221 + 235?
15456
In base 10, what is 7 + 4318708?
4318715
In base 6, what is 3 + 141145553?
141150000
In base 5, what is 3 + -1030102423?
-1030102420
In base 13, what is -152773c - 1?
-1527740
In base 16, what is -1 + -12dac86?
-12dac87
In base 13, what is -114 + -24607?
-2471b
In base 9, 